{"id":141,"date":"2023-08-23T09:02:15","date_gmt":"2023-08-23T07:02:15","guid":{"rendered":"http:\/\/formations-bl.fr\/?page_id=141"},"modified":"2023-08-23T09:02:16","modified_gmt":"2023-08-23T07:02:16","slug":"reclamations","status":"publish","type":"page","link":"https:\/\/formations-bl.fr\/?page_id=141","title":{"rendered":"R\u00e9clamations"},"content":{"rendered":"\n<h2 class=\"wp-block-heading\"><strong>BL Formations s\u2019engage \u00e0 vous apporter un retour \u00e0 votre r\u00e9clamation dans les<\/strong>\u00a0meilleurs d\u00e9lais.<\/h2>\n\n\n\n<h5 class=\"wp-block-heading\">Vous pouvez nous contacter en remplissant le formulaire ci-dessous ou directement par t\u00e9l\u00e9phone au\u00a0<strong><a href=\"tel:0660470261\">06 60 47 02 61<\/a><\/strong><\/h5>\n\n\n\n<div class=\"wp-block-contact-form-7-contact-form-selector\">\n<div class=\"wpcf7 no-js\" id=\"wpcf7-f140-o1\" lang=\"fr-FR\" dir=\"ltr\">\n<div class=\"screen-reader-response\"><p role=\"status\" aria-live=\"polite\" aria-atomic=\"true\"><\/p> <ul><\/ul><\/div>\n<form action=\"\/index.php?rest_route=%2Fwp%2Fv2%2Fpages%2F141#wpcf7-f140-o1\" method=\"post\" class=\"wpcf7-form init\" aria-label=\"Formulaire de contact\" novalidate=\"novalidate\" data-status=\"init\">\n<div style=\"display: none;\">\n<input type=\"hidden\" name=\"_wpcf7\" value=\"140\" \/>\n<input type=\"hidden\" name=\"_wpcf7_version\" value=\"5.7.5.1\" \/>\n<input type=\"hidden\" name=\"_wpcf7_locale\" value=\"fr_FR\" \/>\n<input type=\"hidden\" name=\"_wpcf7_unit_tag\" value=\"wpcf7-f140-o1\" \/>\n<input type=\"hidden\" name=\"_wpcf7_container_post\" value=\"0\" \/>\n<input type=\"hidden\" name=\"_wpcf7_posted_data_hash\" value=\"\" \/>\n<\/div>\n<p><label> Votre nom (obligatoire)<br \/>\n<span class=\"wpcf7-form-control-wrap\" data-name=\"your-name\"><input size=\"40\" class=\"wpcf7-form-control wpcf7-text wpcf7-validates-as-required\" aria-required=\"true\" aria-invalid=\"false\" value=\"\" type=\"text\" name=\"your-name\" \/><\/span> <\/label>\n<\/p>\n<p><label> Votre pr\u00e9nom (obligatoire)<br \/>\n<span class=\"wpcf7-form-control-wrap\" data-name=\"your-name\"><input size=\"40\" class=\"wpcf7-form-control wpcf7-text wpcf7-validates-as-required\" aria-required=\"true\" aria-invalid=\"false\" value=\"\" type=\"text\" name=\"your-name\" \/><\/span> <\/label>\n<\/p>\n<p><label> Votre entreprise (obligatoire)<br \/>\n<span class=\"wpcf7-form-control-wrap\" data-name=\"your-name\"><input size=\"40\" class=\"wpcf7-form-control wpcf7-text wpcf7-validates-as-required\" aria-required=\"true\" aria-invalid=\"false\" value=\"\" type=\"text\" name=\"your-name\" \/><\/span> <\/label>\n<\/p>\n<p><label> Votre adresse de messagerie (obligatoire)<br \/>\n<span class=\"wpcf7-form-control-wrap\" data-name=\"your-email\"><input size=\"40\" class=\"wpcf7-form-control wpcf7-text wpcf7-email wpcf7-validates-as-required wpcf7-validates-as-email\" aria-required=\"true\" aria-invalid=\"false\" value=\"\" type=\"email\" name=\"your-email\" \/><\/span> <\/label>\n<\/p>\n<p><label> Intitul\u00e9 de la formation (obligatoire)<br \/>\n<span class=\"wpcf7-form-control-wrap\" data-name=\"your-name\"><input size=\"40\" class=\"wpcf7-form-control wpcf7-text wpcf7-validates-as-required\" aria-required=\"true\" aria-invalid=\"false\" value=\"\" type=\"text\" name=\"your-name\" \/><\/span> <\/label>\n<\/p>\n<p><label> Date de la formation (obligatoire)<br \/>\n<span class=\"wpcf7-form-control-wrap\" data-name=\"your-name\"><input size=\"40\" class=\"wpcf7-form-control wpcf7-text wpcf7-validates-as-required\" aria-required=\"true\" aria-invalid=\"false\" value=\"\" type=\"text\" name=\"your-name\" \/><\/span> <\/label>\n<\/p>\n<p><label> Votre t\u00e9l\u00e9phone (obligatoire)<br \/>\n<span class=\"wpcf7-form-control-wrap\" data-name=\"your-telephone\"><input size=\"40\" class=\"wpcf7-form-control wpcf7-text wpcf7-validates-as-required\" aria-required=\"true\" aria-invalid=\"false\" value=\"\" type=\"text\" name=\"your-telephone\" \/><\/span> <\/label>\n<\/p>\n<p><label> Objet de la r\u00e9clamation (obligatoire)<br \/>\n<span class=\"wpcf7-form-control-wrap\" data-name=\"your-subject\"><input size=\"40\" class=\"wpcf7-form-control wpcf7-text wpcf7-validates-as-required\" aria-required=\"true\" aria-invalid=\"false\" value=\"\" type=\"text\" name=\"your-subject\" \/><\/span> <\/label>\n<\/p>\n<p><label> Votre r\u00e9clamation (obligatoire)<br \/>\n<span class=\"wpcf7-form-control-wrap\" data-name=\"your-message\"><textarea cols=\"40\" rows=\"10\" class=\"wpcf7-form-control wpcf7-textarea wpcf7-validates-as-required\" aria-required=\"true\" aria-invalid=\"false\" name=\"your-message\"><\/textarea><\/span> <\/label>\n<\/p>\n<p><input class=\"wpcf7-form-control has-spinner wpcf7-submit\" type=\"submit\" value=\"Envoyer\" \/>\n<\/p><div class=\"wpcf7-response-output\" aria-hidden=\"true\"><\/div>\n<\/form>\n<\/div>\n<\/div>\n\n\n\n<div style=\"height:34px\" aria-hidden=\"true\" class=\"wp-block-spacer\"><\/div>\n","protected":false},"excerpt":{"rendered":"<p>BL Formations s\u2019engage \u00e0 vous apporter un retour \u00e0 votre r\u00e9clamation dans les\u00a0meilleurs d\u00e9lais. Vous pouvez nous contacter en remplissant le formulaire ci-dessous ou directement par t\u00e9l\u00e9phone au\u00a006 60 47 02 61<\/p>\n","protected":false},"author":1,"featured_media":143,"parent":0,"menu_order":0,"comment_status":"closed","ping_status":"closed","template":"","meta":{"footnotes":""},"class_list":["post-141","page","type-page","status-publish","has-post-thumbnail","hentry"],"yoast_head":"<!-- This site is optimized with the Yoast SEO plugin v20.4 - https:\/\/yoast.com\/wordpress\/plugins\/seo\/ -->\n<title>R\u00e9clamations - BL FORMATIONS<\/title>\n<meta name=\"description\" content=\"BL Formations s\u2019engage \u00e0 vous apporter un retour \u00e0 votre r\u00e9clamation dans les\u00a0meilleurs d\u00e9lais.\" \/>\n<meta name=\"robots\" content=\"index, follow, max-snippet:-1, max-image-preview:large, max-video-preview:-1\" \/>\n<link rel=\"canonical\" href=\"https:\/\/formations-bl.fr\/?page_id=141\" \/>\n<meta property=\"og:locale\" content=\"fr_FR\" \/>\n<meta property=\"og:type\" content=\"article\" \/>\n<meta property=\"og:title\" content=\"R\u00e9clamations - BL FORMATIONS\" \/>\n<meta property=\"og:description\" content=\"BL Formations s\u2019engage \u00e0 vous apporter un retour \u00e0 votre r\u00e9clamation dans les\u00a0meilleurs d\u00e9lais.\" \/>\n<meta property=\"og:url\" content=\"https:\/\/formations-bl.fr\/?page_id=141\" \/>\n<meta property=\"og:site_name\" content=\"BL FORMATIONS\" \/>\n<meta property=\"article:modified_time\" content=\"2023-08-23T07:02:16+00:00\" \/>\n<meta property=\"og:image\" content=\"https:\/\/formations-bl.fr\/wp-content\/uploads\/2023\/08\/collage-du-concept-experience-client-scaled.jpg\" \/>\n\t<meta property=\"og:image:width\" content=\"2560\" \/>\n\t<meta property=\"og:image:height\" content=\"1370\" \/>\n\t<meta property=\"og:image:type\" content=\"image\/jpeg\" \/>\n<meta name=\"twitter:card\" content=\"summary_large_image\" \/>\n<meta name=\"twitter:label1\" content=\"Dur\u00e9e de lecture estim\u00e9e\" \/>\n\t<meta name=\"twitter:data1\" content=\"1 minute\" \/>\n<script type=\"application\/ld+json\" class=\"yoast-schema-graph\">{\"@context\":\"https:\/\/schema.org\",\"@graph\":[{\"@type\":\"WebPage\",\"@id\":\"https:\/\/formations-bl.fr\/?page_id=141\",\"url\":\"https:\/\/formations-bl.fr\/?page_id=141\",\"name\":\"R\u00e9clamations - BL FORMATIONS\",\"isPartOf\":{\"@id\":\"https:\/\/formations-bl.fr\/#website\"},\"datePublished\":\"2023-08-23T07:02:15+00:00\",\"dateModified\":\"2023-08-23T07:02:16+00:00\",\"description\":\"BL Formations s\u2019engage \u00e0 vous apporter un retour \u00e0 votre r\u00e9clamation dans les\u00a0meilleurs d\u00e9lais.\",\"breadcrumb\":{\"@id\":\"https:\/\/formations-bl.fr\/?page_id=141#breadcrumb\"},\"inLanguage\":\"fr-FR\",\"potentialAction\":[{\"@type\":\"ReadAction\",\"target\":[\"https:\/\/formations-bl.fr\/?page_id=141\"]}]},{\"@type\":\"BreadcrumbList\",\"@id\":\"https:\/\/formations-bl.fr\/?page_id=141#breadcrumb\",\"itemListElement\":[{\"@type\":\"ListItem\",\"position\":1,\"name\":\"Accueil\",\"item\":\"https:\/\/formations-bl.fr\/\"},{\"@type\":\"ListItem\",\"position\":2,\"name\":\"R\u00e9clamations\"}]},{\"@type\":\"WebSite\",\"@id\":\"https:\/\/formations-bl.fr\/#website\",\"url\":\"https:\/\/formations-bl.fr\/\",\"name\":\"Formations Bruno Lespe\",\"description\":\"Bruno Lespe Formations\",\"publisher\":{\"@id\":\"https:\/\/formations-bl.fr\/#organization\"},\"potentialAction\":[{\"@type\":\"SearchAction\",\"target\":{\"@type\":\"EntryPoint\",\"urlTemplate\":\"https:\/\/formations-bl.fr\/?s={search_term_string}\"},\"query-input\":\"required name=search_term_string\"}],\"inLanguage\":\"fr-FR\"},{\"@type\":\"Organization\",\"@id\":\"https:\/\/formations-bl.fr\/#organization\",\"name\":\"Formations BL\",\"url\":\"https:\/\/formations-bl.fr\/\",\"logo\":{\"@type\":\"ImageObject\",\"inLanguage\":\"fr-FR\",\"@id\":\"https:\/\/formations-bl.fr\/#\/schema\/logo\/image\/\",\"url\":\"https:\/\/formations-bl.fr\/wp-content\/uploads\/2023\/04\/cropped-LOGO-BL-FORMATIONS.png\",\"contentUrl\":\"https:\/\/formations-bl.fr\/wp-content\/uploads\/2023\/04\/cropped-LOGO-BL-FORMATIONS.png\",\"width\":1063,\"height\":993,\"caption\":\"Formations BL\"},\"image\":{\"@id\":\"https:\/\/formations-bl.fr\/#\/schema\/logo\/image\/\"}}]}<\/script>\n<!-- \/ Yoast SEO plugin. -->","yoast_head_json":{"title":"R\u00e9clamations - BL FORMATIONS","description":"BL Formations s\u2019engage \u00e0 vous apporter un retour \u00e0 votre r\u00e9clamation dans les\u00a0meilleurs d\u00e9lais.","robots":{"index":"index","follow":"follow","max-snippet":"max-snippet:-1","max-image-preview":"max-image-preview:large","max-video-preview":"max-video-preview:-1"},"canonical":"https:\/\/formations-bl.fr\/?page_id=141","og_locale":"fr_FR","og_type":"article","og_title":"R\u00e9clamations - BL FORMATIONS","og_description":"BL Formations s\u2019engage \u00e0 vous apporter un retour \u00e0 votre r\u00e9clamation dans les\u00a0meilleurs d\u00e9lais.","og_url":"https:\/\/formations-bl.fr\/?page_id=141","og_site_name":"BL FORMATIONS","article_modified_time":"2023-08-23T07:02:16+00:00","og_image":[{"width":2560,"height":1370,"url":"https:\/\/formations-bl.fr\/wp-content\/uploads\/2023\/08\/collage-du-concept-experience-client-scaled.jpg","type":"image\/jpeg"}],"twitter_card":"summary_large_image","twitter_misc":{"Dur\u00e9e de lecture estim\u00e9e":"1 minute"},"schema":{"@context":"https:\/\/schema.org","@graph":[{"@type":"WebPage","@id":"https:\/\/formations-bl.fr\/?page_id=141","url":"https:\/\/formations-bl.fr\/?page_id=141","name":"R\u00e9clamations - BL FORMATIONS","isPartOf":{"@id":"https:\/\/formations-bl.fr\/#website"},"datePublished":"2023-08-23T07:02:15+00:00","dateModified":"2023-08-23T07:02:16+00:00","description":"BL Formations s\u2019engage \u00e0 vous apporter un retour \u00e0 votre r\u00e9clamation dans les\u00a0meilleurs d\u00e9lais.","breadcrumb":{"@id":"https:\/\/formations-bl.fr\/?page_id=141#breadcrumb"},"inLanguage":"fr-FR","potentialAction":[{"@type":"ReadAction","target":["https:\/\/formations-bl.fr\/?page_id=141"]}]},{"@type":"BreadcrumbList","@id":"https:\/\/formations-bl.fr\/?page_id=141#breadcrumb","itemListElement":[{"@type":"ListItem","position":1,"name":"Accueil","item":"https:\/\/formations-bl.fr\/"},{"@type":"ListItem","position":2,"name":"R\u00e9clamations"}]},{"@type":"WebSite","@id":"https:\/\/formations-bl.fr\/#website","url":"https:\/\/formations-bl.fr\/","name":"Formations Bruno Lespe","description":"Bruno Lespe Formations","publisher":{"@id":"https:\/\/formations-bl.fr\/#organization"},"potentialAction":[{"@type":"SearchAction","target":{"@type":"EntryPoint","urlTemplate":"https:\/\/formations-bl.fr\/?s={search_term_string}"},"query-input":"required name=search_term_string"}],"inLanguage":"fr-FR"},{"@type":"Organization","@id":"https:\/\/formations-bl.fr\/#organization","name":"Formations BL","url":"https:\/\/formations-bl.fr\/","logo":{"@type":"ImageObject","inLanguage":"fr-FR","@id":"https:\/\/formations-bl.fr\/#\/schema\/logo\/image\/","url":"https:\/\/formations-bl.fr\/wp-content\/uploads\/2023\/04\/cropped-LOGO-BL-FORMATIONS.png","contentUrl":"https:\/\/formations-bl.fr\/wp-content\/uploads\/2023\/04\/cropped-LOGO-BL-FORMATIONS.png","width":1063,"height":993,"caption":"Formations BL"},"image":{"@id":"https:\/\/formations-bl.fr\/#\/schema\/logo\/image\/"}}]}},"_links":{"self":[{"href":"https:\/\/formations-bl.fr\/index.php?rest_route=\/wp\/v2\/pages\/141","targetHints":{"allow":["GET"]}}],"collection":[{"href":"https:\/\/formations-bl.fr\/index.php?rest_route=\/wp\/v2\/pages"}],"about":[{"href":"https:\/\/formations-bl.fr\/index.php?rest_route=\/wp\/v2\/types\/page"}],"author":[{"embeddable":true,"href":"https:\/\/formations-bl.fr\/index.php?rest_route=\/wp\/v2\/users\/1"}],"replies":[{"embeddable":true,"href":"https:\/\/formations-bl.fr\/index.php?rest_route=%2Fwp%2Fv2%2Fcomments&post=141"}],"version-history":[{"count":1,"href":"https:\/\/formations-bl.fr\/index.php?rest_route=\/wp\/v2\/pages\/141\/revisions"}],"predecessor-version":[{"id":144,"href":"https:\/\/formations-bl.fr\/index.php?rest_route=\/wp\/v2\/pages\/141\/revisions\/144"}],"wp:featuredmedia":[{"embeddable":true,"href":"https:\/\/formations-bl.fr\/index.php?rest_route=\/wp\/v2\/media\/143"}],"wp:attachment":[{"href":"https:\/\/formations-bl.fr\/index.php?rest_route=%2Fwp%2Fv2%2Fmedia&parent=141"}],"curies":[{"name":"wp","href":"https:\/\/api.w.org\/{rel}","templated":true}]}}